 3) to base 13.
-18
What is 7 (base 14) in base 3?
21
What is -2 (base 3) in base 7?
-2
-23 (base 5) to base 12
-11
What is d (base 14) in base 3?
111
Convert 110 (base 3) to base 8.
14
-57 (base 13) to base 10
-72
Convert 0 (base 7) to base 11.
0
-45 (base 7) to base 5
-113
What is 30 (base 16) in base 12?
40
-71 (base 10) to base 9
-78
Convert 10 (base 3) to base 6.
3
What is -3 (base 9) in base 5?
-3
7 (base 9) to base 11
7
77 (base 11) to base 7
150
Convert f (base 16) to base 8.
17
-234 (base 5) to base 12
-59
-88 (base 16) to base 6
-344
What is -22 (base 14) in base 4?
-132
What is 0 (base 5) in base 14?
0
-26 (base 9) to base 8
-30
-232 (base 7) to base 9
-144
Convert 5 (base 9) to base 15.
5
What is -12020 (base 4) in base 12?
-288
What is -7 (base 16) in base 11?
-7
What is -8 (base 9) in base 4?
-20
What is 1 (base 5) in base 3?
1
What is 1 (base 11) in base 16?
1
Convert 102 (base 11) to base 13.
96
Convert 110 (base 3) to base 2.
1100
54 (base 7) to base 8
47
What is 4 (base 14) in base 4?
10
0 (base 15) to base 7
0
Convert -133 (base 5) to base 13.
-34
23 (base 5) to base 8
15
What is 16b (base 13) in base 7?
516
What is 2 (base 10) in base 7?
2
3 (base 8) to base 9
3
-10101 (base 2) to base 4
-111
116 (base 10) to base 2
1110100
Convert 89 (base 16) to base 15.
92
What is 2 (base 4) in base 8?
2
What is 22 (base 4) in base 3?
101
-58 (base 16) to base 13
-6a
What is -30 (base 6) in base 16?
-12
What is -203 (base 4) in base 15?
-25
What is 133 (base 8) in base 14?
67
-1 (base 11) to base 13
-1
What is -10000101 (base 2) in base 7?
-250
What is 11 (base 4) in base 10?
5
What is -203 (base 5) in base 15?
-38
Convert 5 (base 16) to base 9.
5
167 (base 15) to base 11
273
Convert -1003 (base 5) to base 13.
-9b
Convert -111000 (base 2) to base 4.
-320
Convert -122 (base 11) to base 7.
-265
Convert -c (base 16) to base 7.
-15
Convert -12 (base 10) to base 15.
-c
Convert 140 (base 9) to base 15.
7c
What is -100 (base 2) in base 10?
-4
Convert 60 (base 9) to base 12.
46
Convert -1 (base 12) to base 7.
-1
What is 56 (base 14) in base 13?
5b
Convert 1 (base 2) to base 6.
1
Convert 2 (base 16) to base 7.
2
Convert -2 (base 9) to base 15.
-2
What is 21 (base 3) in base 6?
11
cd (base 15) to base 13
11b
What is 11 (base 4) in base 8?
5
Convert -109 (base 10) to base 7.
-214
Convert 225 (base 9) to base 8.
271
What is 33 (base 10) in base 8?
41
What is -a (base 11) in base 13?
-a
Convert 2 (base 14) to base 2.
10
Convert 205 (base 7) to base 14.
75
-3 (base 9) to base 16
-3
What is 163 (base 10) in base 15?
ad
What is 136 (base 7) in base 4?
1030
Convert -2102 (base 3) to base 5.
-230
Convert -64 (base 11) to base 10.
-70
1 (base 11) to base 5
1
-12 (base 7) to base 10
-9
What is 57 (base 8) in base 3?
1202
-6 (base 11) to base 12
-6
What is 1 (base 13) in base 6?
1
190 (base 12) to base 14
140
334 (base 6) to base 8
202
Convert 1 (base 14) to base 11.
1
Convert 1 (base 14) to base 11.
1
-29 (base 13) to base 2
-100011
What is -22 (base 4) in base 12?
-a
Convert -421 (base 6) to base 8.
-235
Convert 10122 (base 3) to base 8.
142
What is 0 (base 13) in base 5?
0
What is -8 (base 14) in base 12?
-8
What is -30 (base 4) in base 10?
-12
What is -19 (base 15) in base 6?
-40
What is 7 (base 11) in base 14?
7
Convert -10 (base 4) to base 12.
-4
Convert 0 (base 8) to base 6.
0
Convert -10 (base 3) to base 9.
-3
-1200 (base 4) to base 8
-140
What is 32 (base 13) in base 16?
29
-16 (base 12) to base 9
-20
Convert -3 (base 8) to base 16.
-3
What is 26 (base 13) in base 2?
100000
What is -28 (base 9) in base 6?
-42
Convert 21 (base 14) to base 12.
25
Convert -10 (base 8) to base 14.
-8
Convert 7 (base 12) to base 4.
13
Convert 100000 (base 2) to base 7.
44
-221 (base 3) to base 7
-34
1331 (base 4) to base 3
11122
What is 31 (base 5) in base 7?
22
2 (base 13) to base 15
2
Convert -225 (base 6) to base 5.
-324
201 (base 3) to base 13
16
-6 (base 11) to base 2
-110
1303 (base 5) to base 10
203
What is 0 (base 11) in base 12?
0
22 (base 6) to base 7
20
-102 (base 7) to base 11
-47
Convert 3 (base 5) to base 8.
3
-1 (base 16) to base 6
-1
Convert 10 (base 7) to base 10.
7
32 (base 4) to base 9
15
Convert 105 (base 12) to base 13.
b6
Convert -6b (base 15) to base 13.
-7a
Convert -11 (base 2) to base 11.
-3
Convert 1 (base 10) to base 16.
1
Convert 11 (base 4) to base 16.
5
Convert -11 (base 3) to base 8.
-4
13 (base 9) to base 15
c
-1 (base 12) to base 3
-1
What is 1343 (base 5) in base 12?
167
What is -3 (base 16) in base 15?
-3
What is 6 (base 8) in base 10?
6
253 (base 6) to base 7
210
0 (base 4) to base 7
0
-5 (base 11) to base 13
-5
What is -20 (base 7) in base 14?
-10
10 (base 9) to base 7
12
5 (base 10) to base 12
5
Convert 4 (base 6) to base 9.
4
What is 0 (base 5) in base 10?
0
What is -11 (base 3) in base 7?
-4
4 (base 15) to base 14
4
What is -7 (base 9) in base 5?
-12
What is 41 (base 13) in base 16?
35
-1 (base 5) to base 10
-1
Convert 1 (base 3) to base 10.
1
-1 (base 7) to base 16
-1
Convert -54 (base 6) to base 5.
-114
Convert 12 (base 3) to base 16.
5
What is 8 (base 16) in base 13?
8
-55 (base 8) to base 12
-39
What is 4 (base 10) in base 11?
4
214 (base 5) to base 12
4b
133 (base 5) to base 6
111
-2 (base 15) to base 7
-2
Convert -45 (base 6) to base 16.
-1d
What is 11 (base 5) in base 10?
6
-1 (base 7) to base 9
-1
166 (base 14) to base 8
436
Convert 10 (base 15) to base 7.
21
-24 (base 5) to base 11
-13
-13 (base 15) to base 6
-30
What is 0 (base 6) in base 4?
0
Convert -103 (base 6) to base 13.
-30
Convert 111 (base 3) to base 4.
31
Convert -143 (base 6) to base 2.
-111111
144 (base 13) to base 4
3201
What is 1143 (base 5) in base 4?
2231
Convert -47 (base 13) to base 3.
-2012
-13 (base 7) to base 15
-a
2 (base 12) to base 7
2
Convert 11022 (base 3) to base 5.
431
What is 3 (base 13) in base 5?
3
Convert -21000 (base 3) to base 12.
-139
What is -21 (base 15) in base 6?
-51
Convert -2 (base 7) to base 13.
-2
What is 2 (base 6) in base 7?
2
-1001111 (base 2) to base 11
-72
Convert 2 (base 12) to base 5.
2
4 (base 13) to base 11
4
-2 (base 13) to base 6
-2
What is 1d (base 16) in base 8?
35
e2 (base 16) to base 13
145
Convert -3301 (base 4) to base 2.
-11110001
What is -4 (base 14) in base 2?
-100
-27 (base 9) to base 7
-34
What is -10 (base 9) in base 15?
-9
-10 (base 3) to base 4
-3
-5 (base 6) to base 14
-5
What is 128 (base 12) in base 15?
bb
Convert 4 (base 9) to base 5.
4
Convert 6 (base 9) to base 15.
6
What is 13 (base 9) in base 6?
20
Convert -11 (base 3) to base 7.
-4
-1 (base 12) to base 3
-1
What is 36 (base 16) in base 10?
54
-114 (base 6) to base 14
-34
170 (base 8) to base 10
120
Convert 135 (base 8) to base 9.
113
Convert -9 (base 14) to base 2.
-1001
11 (base 3) to base 2
100
111 (base 7) to base 13
45
Convert -31 (base 8) to base 12.
-21
Convert 50 (base 11) to base 14.
3d
-9 (base 12) to base 4
-21
What is -10001 (base 4) in base 7?
-515
What is 0 (base 4) in base 10?
0
What is 111 (base 3) in base 5?
23
Convert -11 (base 3) to base 15.
-4
1153 (base 6) to base 9
346
What is 62 (base 8) in base 7?
101
What is 0 (base 6) in base 11?
0
-331 (base 9) to base 7
-535
Convert 220 (base 10) to base 11.
190
1 (base 13) to base 7
1
-b (base 12) to base 9
-12
Convert -1b (base 12) to base 10.
-23
What is -74 (base 16) in base 15?
-7b
What is -2111 (base 5) in base 16?
-119
What is -2 (base 5) in base 12?
-2
What is a (base 13) in base 7?
13
Convert -174 (base 8) to base 9.
-147
What is -2 (base 13) in base 12?
-2
Convert -2 (base 13) to base 16.
-2
-52 (base 8) to base 15
-2c
What is -38 (base 14) in base 16?
-32
What is -1001000 (base 2) in base 7?
-132
What is 133 (base 4) in base 5?
111
-4 (base 11) to base 13
-4
What is 10 (base 7) in base 11?
7
-4 (base 11) to base 8
-4
What is -112 (base 6) in base 16?
-2c
16 (base 10) to base 2
10000
57 (base 9) to base 15
37
Convert 33 (base 9) to base 15.
20
1113 (base 4) to base 9
106
Convert 11 (base 7) to base 2.
1000
What is 2 (base 4) in base 14?
2
Convert -302 (base 6) to base 12.
-92
-2 (base 4) to base 2
-10
-6 (base 13) to base 3
-20
What is -8 (base 12) in base 13?
-8
Convert -1a (base 15) to base 4.
-121
What is -85 (base 11) in base 6?
-233
What is 202 (base 5) in base 3?
12